{"id":10193,"date":"2025-05-15T10:28:38","date_gmt":"2025-05-15T08:28:38","guid":{"rendered":"https:\/\/flams.fr\/?page_id=10193"},"modified":"2025-05-15T17:25:56","modified_gmt":"2025-05-15T15:25:56","slug":"tracting-boisson-montparnasse","status":"publish","type":"page","link":"https:\/\/flams.fr\/index.php\/tracting-boisson-montparnasse\/","title":{"rendered":"Tracting boisson Montparnasse"},"content":{"rendered":"\t\t<div data-elementor-type=\"wp-page\" data-elementor-id=\"10193\" class=\"elementor elementor-10193\" data-elementor-post-type=\"page\">\n\t\t\t\t\t\t<section class=\"elementor-section elementor-top-section elementor-element elementor-element-4b5ab650 elementor-section-height-min-height elementor-section-stretched elementor-section-boxed elementor-section-height-default elementor-section-items-middle\" data-id=\"4b5ab650\" data-element_type=\"section\" data-e-type=\"section\" data-settings=\"{&quot;background_background&quot;:&quot;classic&quot;,&quot;background_motion_fx_motion_fx_scrolling&quot;:&quot;yes&quot;,&quot;background_motion_fx_scale_effect&quot;:&quot;yes&quot;,&quot;background_motion_fx_scale_direction&quot;:&quot;in-out&quot;,&quot;background_motion_fx_scale_speed&quot;:{&quot;unit&quot;:&quot;px&quot;,&quot;size&quot;:&quot;3&quot;,&quot;sizes&quot;:[]},&quot;background_motion_fx_scale_range&quot;:{&quot;unit&quot;:&quot;%&quot;,&quot;size&quot;:&quot;&quot;,&quot;sizes&quot;:{&quot;start&quot;:&quot;0&quot;,&quot;end&quot;:&quot;80&quot;}},&quot;stretch_section&quot;:&quot;section-stretched&quot;,&quot;background_motion_fx_devices&quot;:[&quot;desktop&quot;,&quot;tablet&quot;,&quot;mobile&quot;]}\">\n\t\t\t\t\t\t\t<div class=\"elementor-background-overlay\"><\/div>\n\t\t\t\t\t\t\t<div class=\"elementor-container elementor-column-gap-default\">\n\t\t\t\t\t<div class=\"elementor-column elementor-col-100 elementor-top-column elementor-element elementor-element-1dc36c28\" data-id=\"1dc36c28\" data-element_type=\"column\" data-e-type=\"column\">\n\t\t\t<div class=\"elementor-widget-wrap elementor-element-populated\">\n\t\t\t\t\t\t<div class=\"elementor-element elementor-element-5ab49a73 elementor-widget elementor-widget-heading\" data-id=\"5ab49a73\" data-element_type=\"widget\" data-e-type=\"widget\" data-widget_type=\"heading.default\">\n\t\t\t\t<div class=\"elementor-widget-container\">\n\t\t\t\t\t<h4 class=\"elementor-heading-title elementor-size-default\">Flam's Montparnasse<\/h4>\t\t\t\t<\/div>\n\t\t\t\t<\/div>\n\t\t\t\t<div class=\"elementor-element elementor-element-4182aa70 elementor-widget elementor-widget-heading\" data-id=\"4182aa70\" data-element_type=\"widget\" data-e-type=\"widget\" data-widget_type=\"heading.default\">\n\t\t\t\t<div class=\"elementor-widget-container\">\n\t\t\t\t\t<h2 class=\"elementor-heading-title elementor-size-default\">Vous offre une boisson<\/h2>\t\t\t\t<\/div>\n\t\t\t\t<\/div>\n\t\t\t\t<div class=\"elementor-element elementor-element-7b0aaa87 elementor-view-default elementor-widget elementor-widget-icon\" data-id=\"7b0aaa87\" data-element_type=\"widget\" data-e-type=\"widget\" data-widget_type=\"icon.default\">\n\t\t\t\t<div class=\"elementor-widget-container\">\n\t\t\t\t\t\t\t<div class=\"elementor-icon-wrapper\">\n\t\t\t<div class=\"elementor-icon\">\n\t\t\t<i aria-hidden=\"true\" class=\"fas fa-arrow-alt-circle-down\"><\/i>\t\t\t<\/div>\n\t\t<\/div>\n\t\t\t\t\t\t<\/div>\n\t\t\t\t<\/div>\n\t\t\t\t\t<\/div>\n\t\t<\/div>\n\t\t\t\t\t<\/div>\n\t\t<\/section>\n\t\t\t\t<section class=\"elementor-section elementor-top-section elementor-element elementor-element-3b12290f elementor-section-stretched elementor-section-boxed elementor-section-height-default elementor-section-height-default\" data-id=\"3b12290f\" data-element_type=\"section\" data-e-type=\"section\" data-settings=\"{&quot;stretch_section&quot;:&quot;section-stretched&quot;,&quot;background_background&quot;:&quot;classic&quot;}\">\n\t\t\t\t\t\t<div class=\"elementor-container elementor-column-gap-default\">\n\t\t\t\t\t<div class=\"elementor-column elementor-col-100 elementor-top-column elementor-element elementor-element-3d2fd93e\" data-id=\"3d2fd93e\" data-element_type=\"column\" data-e-type=\"column\">\n\t\t\t<div class=\"elementor-widget-wrap elementor-element-populated\">\n\t\t\t\t\t\t<div class=\"elementor-element elementor-element-32cfde32 e-transform e-transform elementor-widget elementor-widget-image\" data-id=\"32cfde32\" data-element_type=\"widget\" data-e-type=\"widget\" data-settings=\"{&quot;_transform_rotateZ_effect&quot;:{&quot;unit&quot;:&quot;px&quot;,&quot;size&quot;:180,&quot;sizes&quot;:[]},&quot;_transform_scale_effect&quot;:{&quot;unit&quot;:&quot;px&quot;,&quot;size&quot;:2,&quot;sizes&quot;:[]},&quot;_transform_scale_effect_mobile&quot;:{&quot;unit&quot;:&quot;px&quot;,&quot;size&quot;:2,&quot;sizes&quot;:[]},&quot;_transform_rotateZ_effect_tablet&quot;:{&quot;unit&quot;:&quot;deg&quot;,&quot;size&quot;:&quot;&quot;,&quot;sizes&quot;:[]},&quot;_transform_rotateZ_effect_mobile&quot;:{&quot;unit&quot;:&quot;deg&quot;,&quot;size&quot;:&quot;&quot;,&quot;sizes&quot;:[]},&quot;_transform_scale_effect_tablet&quot;:{&quot;unit&quot;:&quot;px&quot;,&quot;size&quot;:&quot;&quot;,&quot;sizes&quot;:[]}}\" data-widget_type=\"image.default\">\n\t\t\t\t<div class=\"elementor-widget-container\">\n\t\t\t\t\t\t\t\t\t\t\t\t\t\t\t<img decoding=\"async\" src=\"https:\/\/flams.fr\/wp-content\/uploads\/2023\/04\/TEST-ROGNAGE-PARTIE-BAS-INSTA-72.png\" title=\"TEST-ROGNAGE-PARTIE-BAS-INSTA-72\" alt=\"TEST-ROGNAGE-PARTIE-BAS-INSTA-72\" loading=\"lazy\" \/>\t\t\t\t\t\t\t\t\t\t\t\t\t\t\t<\/div>\n\t\t\t\t<\/div>\n\t\t\t\t<div class=\"elementor-element elementor-element-61118251 elementor-widget elementor-widget-heading\" data-id=\"61118251\" data-element_type=\"widget\" data-e-type=\"widget\" data-widget_type=\"heading.default\">\n\t\t\t\t<div class=\"elementor-widget-container\">\n\t\t\t\t\t<h5 class=\"elementor-heading-title elementor-size-default\">Compl\u00e9tez vos informations et savourez votre boisson offerte* !<\/h5>\t\t\t\t<\/div>\n\t\t\t\t<\/div>\n\t\t\t\t\t<\/div>\n\t\t<\/div>\n\t\t\t\t\t<\/div>\n\t\t<\/section>\n\t\t\t\t<section class=\"elementor-section elementor-top-section elementor-element elementor-element-566595dc elementor-section-boxed elementor-section-height-default elementor-section-height-default\" data-id=\"566595dc\" data-element_type=\"section\" data-e-type=\"section\">\n\t\t\t\t\t\t<div class=\"elementor-container elementor-column-gap-default\">\n\t\t\t\t\t<div class=\"elementor-column elementor-col-100 elementor-top-column elementor-element elementor-element-3336a8cb\" data-id=\"3336a8cb\" data-element_type=\"column\" data-e-type=\"column\">\n\t\t\t<div class=\"elementor-widget-wrap elementor-element-populated\">\n\t\t\t\t\t\t<div class=\"elementor-element elementor-element-16926ab5 elementor-widget elementor-widget-text-editor\" data-id=\"16926ab5\" data-element_type=\"widget\" data-e-type=\"widget\" data-widget_type=\"text-editor.default\">\n\t\t\t\t<div class=\"elementor-widget-container\">\n\t\t\t\t\t\t\t\t\t<p>Un e-mail de confirmation vous sera envoy\u00e9 imm\u00e9diatement apr\u00e8s la soumission du formulaire.<\/p>\t\t\t\t\t\t\t\t<\/div>\n\t\t\t\t<\/div>\n\t\t\t\t<div class=\"elementor-element elementor-element-30e0eb6a elementor-widget elementor-widget-shortcode\" data-id=\"30e0eb6a\" data-element_type=\"widget\" data-e-type=\"widget\" data-widget_type=\"shortcode.default\">\n\t\t\t\t<div class=\"elementor-widget-container\">\n\t\t\t\t\t\t\t<div class=\"elementor-shortcode\">\n\t\t\t<form id=\"sib_signup_form_10\" method=\"post\" class=\"sib_signup_form\">\n\t\t\t\t<div class=\"sib_loader\" style=\"display:none;\"><img\n\t\t\t\t\t\t\tsrc=\"https:\/\/flams.fr\/wp-includes\/images\/spinner.gif\" alt=\"loader\"><\/div>\n\t\t\t\t<input type=\"hidden\" name=\"sib_form_action\" value=\"subscribe_form_submit\">\n\t\t\t\t<input type=\"hidden\" name=\"sib_form_id\" value=\"10\">\n                <input type=\"hidden\" name=\"sib_form_alert_notice\" value=\"Veuillez remplir ce champ.\">\n                <input type=\"hidden\" name=\"sib_form_invalid_email_notice\" value=\"Votre adresse e-mail est invalide.\">\n                <input type=\"hidden\" name=\"sib_security\" value=\"1238f4c3e0\">\n\t\t\t\t<div class=\"sib_signup_box_inside_10\">\n\t\t\t\t\t<div style=\"\/*display:none*\/\" class=\"sib_msg_disp\">\n\t\t\t\t\t<\/div>\n                    \t\t\t\t\t<p class=\"sib-PRENOM-area\"> \r\n    <label class=\"sib-PRENOM-area\">Pr\u00e9nom*<\/label> \r\n    <input type=\"text\" class=\"sib-PRENOM-area\" name=\"PRENOM\" required=\"required\"> \r\n<\/p>\r\n\r\n<p class=\"sib-NOM-area\"> \r\n    <label class=\"sib-NOM-area\">Nom*<\/label> \r\n    <input type=\"text\" class=\"sib-NOM-area\" name=\"NOM\" required=\"required\"> \r\n<\/p>\r\n\r\n<p class=\"sib-email-area\"> \r\n    <label class=\"sib-email-area\">Adresse e-mail*<\/label> \r\n    <input type=\"email\" class=\"sib-email-area\" name=\"email\" placeholder=\"\" value=\"\" required=\"required\"> \r\n<\/p>\r\n\r\n    <p>\r\n        <input type=\"submit\" class=\"sib-default-btn\" value=\"Envoyer\">\r\n    <\/p>\r\n    <p id=\"confirmationMessage\" style=\"display:none\">Merci pour votre inscription !<\/p>\r\n    <script>\r\n        \/\/ Affiche le message de confirmation\r\n        document.getElementById('confirmationMessage').style.display = 'block';\r\n        });\r\n    <\/script>\r\n\r\n<p>Votre adresse e-mail est uniquement utilis\u00e9e pour vous envoyer notre newsletter et des informations sur les activit\u00e9s de Flam's. Vous pouvez toujours utiliser le lien de d\u00e9sabonnement inclus dans la newsletter.<\/p>\r\n\t\t\t\t<\/div>\n\t\t\t<\/form>\n\t\t\t<style>\n\t\t\t\tform#sib_signup_form_10 p.sib-alert-message {\n    padding: 6px 12px;\n    margin-bottom: 20px;\n    border: 1px solid transparent;\n    border-radius: 4px;\n    -webkit-box-sizing: border-box;\n    -moz-box-sizing: border-box;\n    box-sizing: border-box;\n}\nform#sib_signup_form_10 p.sib-alert-message-error {\n    background-color: #f2dede;\n    border-color: #ebccd1;\n    color: #a94442;\n}\nform#sib_signup_form_10 p.sib-alert-message-success {\n    background-color: #dff0d8;\n    border-color: #d6e9c6;\n    color: #3c763d;\n}\nform#sib_signup_form_10 p.sib-alert-message-warning {\n    background-color: #fcf8e3;\n    border-color: #faebcc;\n    color: #8a6d3b;\n}\n\t\t\t<\/style>\n\t\t\t<\/div>\n\t\t\t\t\t\t<\/div>\n\t\t\t\t<\/div>\n\t\t\t\t<div class=\"elementor-element elementor-element-70b5512a elementor-widget elementor-widget-text-editor\" data-id=\"70b5512a\" data-element_type=\"widget\" data-e-type=\"widget\" data-widget_type=\"text-editor.default\">\n\t\t\t\t<div class=\"elementor-widget-container\">\n\t\t\t\t\t\t\t\t\t<p>*Boissons offertes parmi la s\u00e9lection suivante : Soft (33 cl), citronnade (33 cl), diabolo (25 cl), sirop \u00e0 l\u2019eau (25 cl), Badoit (50 cl), Evian (50 cl), verre d\u2019Edelzwicker (10 cl), Tigre Bock (25 cl). Offre applicable avec la commande d\u2019une Flammekueche, d\u2019une entr\u00e9e, d&rsquo;un plat ou d\u2019une grande salade.<\/p>\t\t\t\t\t\t\t\t<\/div>\n\t\t\t\t<\/div>\n\t\t\t\t<div class=\"elementor-element elementor-element-515d57b3 elementor-widget elementor-widget-google_maps\" data-id=\"515d57b3\" data-element_type=\"widget\" data-e-type=\"widget\" data-widget_type=\"google_maps.default\">\n\t\t\t\t<div class=\"elementor-widget-container\">\n\t\t\t\t\t\t\t<div class=\"elementor-custom-embed\">\n\t\t\t<iframe loading=\"lazy\"\n\t\t\t\t\tsrc=\"https:\/\/www.google.com\/maps\/embed\/v1\/place?key=AIzaSyAa9xziaL4MUXHG-Qja9dJGhnx90Akylk4&#038;q=32%20Av.%20du%20Maine%2C%2075015%20Paris&#038;zoom=17\"\n\t\t\t\t\ttitle=\"32 Av. du Maine, 75015 Paris\"\n\t\t\t\t\taria-label=\"32 Av. du Maine, 75015 Paris\"\n\t\t\t><\/iframe>\n\t\t<\/div>\n\t\t\t\t\t\t<\/div>\n\t\t\t\t<\/div>\n\t\t\t\t<div class=\"elementor-element elementor-element-82a1a32 elementor-widget elementor-widget-spacer\" data-id=\"82a1a32\" data-element_type=\"widget\" data-e-type=\"widget\" data-widget_type=\"spacer.default\">\n\t\t\t\t<div class=\"elementor-widget-container\">\n\t\t\t\t\t\t\t<div class=\"elementor-spacer\">\n\t\t\t<div class=\"elementor-spacer-inner\"><\/div>\n\t\t<\/div>\n\t\t\t\t\t\t<\/div>\n\t\t\t\t<\/div>\n\t\t\t\t\t<\/div>\n\t\t<\/div>\n\t\t\t\t\t<\/div>\n\t\t<\/section>\n\t\t\t\t<\/div>\n\t\t","protected":false},"excerpt":{"rendered":"<p>Flam&rsquo;s Montparnasse Vous offre une boisson Compl\u00e9tez vos informations et savourez votre boisson offerte* ! Un e-mail de confirmation vous sera envoy\u00e9 imm\u00e9diatement apr\u00e8s la soumission du formulaire. *Boissons offertes parmi la s\u00e9lection suivante : Soft (33 cl), citronnade (33 cl), diabolo (25 cl), sirop \u00e0 l\u2019eau (25 cl), Badoit [&hellip;]<\/p>\n","protected":false},"author":3,"featured_media":0,"parent":0,"menu_order":0,"comment_status":"closed","ping_status":"closed","template":"","meta":{"inspiro_page_layout":"narrow","inspiro_hide_title":false,"footnotes":""},"class_list":["post-10193","page","type-page","status-publish","hentry"],"yoast_head":"<!-- This site is optimized with the Yoast SEO plugin v27.4 - https:\/\/yoast.com\/product\/yoast-seo-wordpress\/ -->\n<title>Tracting boisson Montparnasse - Flam&#039;s<\/title>\n<meta name=\"robots\" content=\"index, follow, max-snippet:-1, max-image-preview:large, max-video-preview:-1\" \/>\n<link rel=\"canonical\" href=\"https:\/\/flams.fr\/index.php\/tracting-boisson-montparnasse\/\" \/>\n<meta property=\"og:locale\" content=\"fr_FR\" \/>\n<meta property=\"og:type\" content=\"article\" \/>\n<meta property=\"og:title\" content=\"Tracting boisson Montparnasse - Flam&#039;s\" \/>\n<meta property=\"og:description\" content=\"Flam&rsquo;s Montparnasse Vous offre une boisson Compl\u00e9tez vos informations et savourez votre boisson offerte* ! Un e-mail de confirmation vous sera envoy\u00e9 imm\u00e9diatement apr\u00e8s la soumission du formulaire. *Boissons offertes parmi la s\u00e9lection suivante : Soft (33 cl), citronnade (33 cl), diabolo (25 cl), sirop \u00e0 l\u2019eau (25 cl), Badoit [&hellip;]\" \/>\n<meta property=\"og:url\" content=\"https:\/\/flams.fr\/index.php\/tracting-boisson-montparnasse\/\" \/>\n<meta property=\"og:site_name\" content=\"Flam&#039;s\" \/>\n<meta property=\"article:modified_time\" content=\"2025-05-15T15:25:56+00:00\" \/>\n<meta property=\"og:image\" content=\"https:\/\/flams.fr\/wp-content\/uploads\/2023\/04\/TEST-ROGNAGE-PARTIE-BAS-INSTA-72.png\" \/>\n<meta name=\"twitter:card\" content=\"summary_large_image\" \/>\n<meta name=\"twitter:label1\" content=\"Dur\u00e9e de lecture estim\u00e9e\" \/>\n\t<meta name=\"twitter:data1\" content=\"1 minute\" \/>\n<script type=\"application\/ld+json\" class=\"yoast-schema-graph\">{\"@context\":\"https:\\\/\\\/schema.org\",\"@graph\":[{\"@type\":\"WebPage\",\"@id\":\"https:\\\/\\\/flams.fr\\\/index.php\\\/tracting-boisson-montparnasse\\\/\",\"url\":\"https:\\\/\\\/flams.fr\\\/index.php\\\/tracting-boisson-montparnasse\\\/\",\"name\":\"Tracting boisson Montparnasse - Flam&#039;s\",\"isPartOf\":{\"@id\":\"https:\\\/\\\/flams.fr\\\/#website\"},\"primaryImageOfPage\":{\"@id\":\"https:\\\/\\\/flams.fr\\\/index.php\\\/tracting-boisson-montparnasse\\\/#primaryimage\"},\"image\":{\"@id\":\"https:\\\/\\\/flams.fr\\\/index.php\\\/tracting-boisson-montparnasse\\\/#primaryimage\"},\"thumbnailUrl\":\"https:\\\/\\\/flams.fr\\\/wp-content\\\/uploads\\\/2023\\\/04\\\/TEST-ROGNAGE-PARTIE-BAS-INSTA-72.png\",\"datePublished\":\"2025-05-15T08:28:38+00:00\",\"dateModified\":\"2025-05-15T15:25:56+00:00\",\"breadcrumb\":{\"@id\":\"https:\\\/\\\/flams.fr\\\/index.php\\\/tracting-boisson-montparnasse\\\/#breadcrumb\"},\"inLanguage\":\"fr-FR\",\"potentialAction\":[{\"@type\":\"ReadAction\",\"target\":[\"https:\\\/\\\/flams.fr\\\/index.php\\\/tracting-boisson-montparnasse\\\/\"]}]},{\"@type\":\"ImageObject\",\"inLanguage\":\"fr-FR\",\"@id\":\"https:\\\/\\\/flams.fr\\\/index.php\\\/tracting-boisson-montparnasse\\\/#primaryimage\",\"url\":\"https:\\\/\\\/flams.fr\\\/wp-content\\\/uploads\\\/2023\\\/04\\\/TEST-ROGNAGE-PARTIE-BAS-INSTA-72.png\",\"contentUrl\":\"https:\\\/\\\/flams.fr\\\/wp-content\\\/uploads\\\/2023\\\/04\\\/TEST-ROGNAGE-PARTIE-BAS-INSTA-72.png\",\"width\":2554,\"height\":189},{\"@type\":\"BreadcrumbList\",\"@id\":\"https:\\\/\\\/flams.fr\\\/index.php\\\/tracting-boisson-montparnasse\\\/#breadcrumb\",\"itemListElement\":[{\"@type\":\"ListItem\",\"position\":1,\"name\":\"Accueil Flam's\",\"item\":\"https:\\\/\\\/flams.fr\\\/\"},{\"@type\":\"ListItem\",\"position\":2,\"name\":\"Tracting boisson Montparnasse\"}]},{\"@type\":\"WebSite\",\"@id\":\"https:\\\/\\\/flams.fr\\\/#website\",\"url\":\"https:\\\/\\\/flams.fr\\\/\",\"name\":\"Flams\",\"description\":\"La flam&#039;s qui se partage\",\"publisher\":{\"@id\":\"https:\\\/\\\/flams.fr\\\/#organization\"},\"potentialAction\":[{\"@type\":\"SearchAction\",\"target\":{\"@type\":\"EntryPoint\",\"urlTemplate\":\"https:\\\/\\\/flams.fr\\\/?s={search_term_string}\"},\"query-input\":{\"@type\":\"PropertyValueSpecification\",\"valueRequired\":true,\"valueName\":\"search_term_string\"}}],\"inLanguage\":\"fr-FR\"},{\"@type\":\"Organization\",\"@id\":\"https:\\\/\\\/flams.fr\\\/#organization\",\"name\":\"Flam's\",\"url\":\"https:\\\/\\\/flams.fr\\\/\",\"logo\":{\"@type\":\"ImageObject\",\"inLanguage\":\"fr-FR\",\"@id\":\"https:\\\/\\\/flams.fr\\\/#\\\/schema\\\/logo\\\/image\\\/\",\"url\":\"https:\\\/\\\/flams.fr\\\/wp-content\\\/uploads\\\/2023\\\/03\\\/Logo_flams_web.png\",\"contentUrl\":\"https:\\\/\\\/flams.fr\\\/wp-content\\\/uploads\\\/2023\\\/03\\\/Logo_flams_web.png\",\"width\":512,\"height\":512,\"caption\":\"Flam's\"},\"image\":{\"@id\":\"https:\\\/\\\/flams.fr\\\/#\\\/schema\\\/logo\\\/image\\\/\"}}]}<\/script>\n<!-- \/ Yoast SEO plugin. -->","yoast_head_json":{"title":"Tracting boisson Montparnasse - Flam&#039;s","robots":{"index":"index","follow":"follow","max-snippet":"max-snippet:-1","max-image-preview":"max-image-preview:large","max-video-preview":"max-video-preview:-1"},"canonical":"https:\/\/flams.fr\/index.php\/tracting-boisson-montparnasse\/","og_locale":"fr_FR","og_type":"article","og_title":"Tracting boisson Montparnasse - Flam&#039;s","og_description":"Flam&rsquo;s Montparnasse Vous offre une boisson Compl\u00e9tez vos informations et savourez votre boisson offerte* ! Un e-mail de confirmation vous sera envoy\u00e9 imm\u00e9diatement apr\u00e8s la soumission du formulaire. *Boissons offertes parmi la s\u00e9lection suivante : Soft (33 cl), citronnade (33 cl), diabolo (25 cl), sirop \u00e0 l\u2019eau (25 cl), Badoit [&hellip;]","og_url":"https:\/\/flams.fr\/index.php\/tracting-boisson-montparnasse\/","og_site_name":"Flam&#039;s","article_modified_time":"2025-05-15T15:25:56+00:00","og_image":[{"url":"https:\/\/flams.fr\/wp-content\/uploads\/2023\/04\/TEST-ROGNAGE-PARTIE-BAS-INSTA-72.png","type":"","width":"","height":""}],"twitter_card":"summary_large_image","twitter_misc":{"Dur\u00e9e de lecture estim\u00e9e":"1 minute"},"schema":{"@context":"https:\/\/schema.org","@graph":[{"@type":"WebPage","@id":"https:\/\/flams.fr\/index.php\/tracting-boisson-montparnasse\/","url":"https:\/\/flams.fr\/index.php\/tracting-boisson-montparnasse\/","name":"Tracting boisson Montparnasse - Flam&#039;s","isPartOf":{"@id":"https:\/\/flams.fr\/#website"},"primaryImageOfPage":{"@id":"https:\/\/flams.fr\/index.php\/tracting-boisson-montparnasse\/#primaryimage"},"image":{"@id":"https:\/\/flams.fr\/index.php\/tracting-boisson-montparnasse\/#primaryimage"},"thumbnailUrl":"https:\/\/flams.fr\/wp-content\/uploads\/2023\/04\/TEST-ROGNAGE-PARTIE-BAS-INSTA-72.png","datePublished":"2025-05-15T08:28:38+00:00","dateModified":"2025-05-15T15:25:56+00:00","breadcrumb":{"@id":"https:\/\/flams.fr\/index.php\/tracting-boisson-montparnasse\/#breadcrumb"},"inLanguage":"fr-FR","potentialAction":[{"@type":"ReadAction","target":["https:\/\/flams.fr\/index.php\/tracting-boisson-montparnasse\/"]}]},{"@type":"ImageObject","inLanguage":"fr-FR","@id":"https:\/\/flams.fr\/index.php\/tracting-boisson-montparnasse\/#primaryimage","url":"https:\/\/flams.fr\/wp-content\/uploads\/2023\/04\/TEST-ROGNAGE-PARTIE-BAS-INSTA-72.png","contentUrl":"https:\/\/flams.fr\/wp-content\/uploads\/2023\/04\/TEST-ROGNAGE-PARTIE-BAS-INSTA-72.png","width":2554,"height":189},{"@type":"BreadcrumbList","@id":"https:\/\/flams.fr\/index.php\/tracting-boisson-montparnasse\/#breadcrumb","itemListElement":[{"@type":"ListItem","position":1,"name":"Accueil Flam's","item":"https:\/\/flams.fr\/"},{"@type":"ListItem","position":2,"name":"Tracting boisson Montparnasse"}]},{"@type":"WebSite","@id":"https:\/\/flams.fr\/#website","url":"https:\/\/flams.fr\/","name":"Flams","description":"La flam&#039;s qui se partage","publisher":{"@id":"https:\/\/flams.fr\/#organization"},"potentialAction":[{"@type":"SearchAction","target":{"@type":"EntryPoint","urlTemplate":"https:\/\/flams.fr\/?s={search_term_string}"},"query-input":{"@type":"PropertyValueSpecification","valueRequired":true,"valueName":"search_term_string"}}],"inLanguage":"fr-FR"},{"@type":"Organization","@id":"https:\/\/flams.fr\/#organization","name":"Flam's","url":"https:\/\/flams.fr\/","logo":{"@type":"ImageObject","inLanguage":"fr-FR","@id":"https:\/\/flams.fr\/#\/schema\/logo\/image\/","url":"https:\/\/flams.fr\/wp-content\/uploads\/2023\/03\/Logo_flams_web.png","contentUrl":"https:\/\/flams.fr\/wp-content\/uploads\/2023\/03\/Logo_flams_web.png","width":512,"height":512,"caption":"Flam's"},"image":{"@id":"https:\/\/flams.fr\/#\/schema\/logo\/image\/"}}]}},"_links":{"self":[{"href":"https:\/\/flams.fr\/index.php\/wp-json\/wp\/v2\/pages\/10193","targetHints":{"allow":["GET"]}}],"collection":[{"href":"https:\/\/flams.fr\/index.php\/wp-json\/wp\/v2\/pages"}],"about":[{"href":"https:\/\/flams.fr\/index.php\/wp-json\/wp\/v2\/types\/page"}],"author":[{"embeddable":true,"href":"https:\/\/flams.fr\/index.php\/wp-json\/wp\/v2\/users\/3"}],"replies":[{"embeddable":true,"href":"https:\/\/flams.fr\/index.php\/wp-json\/wp\/v2\/comments?post=10193"}],"version-history":[{"count":7,"href":"https:\/\/flams.fr\/index.php\/wp-json\/wp\/v2\/pages\/10193\/revisions"}],"predecessor-version":[{"id":10205,"href":"https:\/\/flams.fr\/index.php\/wp-json\/wp\/v2\/pages\/10193\/revisions\/10205"}],"wp:attachment":[{"href":"https:\/\/flams.fr\/index.php\/wp-json\/wp\/v2\/media?parent=10193"}],"curies":[{"name":"wp","href":"https:\/\/api.w.org\/{rel}","templated":true}]}}